me?
True
Is 724987 composite?
True
Is 75345169 composite?
True
Is 1282518929 a composite number?
True
Is 1479991 a prime number?
True
Is 1847501 composite?
True
Is 2114771 prime?
True
Is 6988931 prime?
True
Is 30341 composite?
False
Is 1563017 a composite number?
False
Is 9180677 composite?
True
Is 287821229 prime?
True
Is 185512469 a prime number?
True
Is 317454253 a prime number?
True
Is 8742593 prime?
False
Is 85617923 composite?
True
Is 41599643 prime?
True
Is 1985413 a composite number?
True
Is 16575329 a composite number?
True
Is 13374329 prime?
True
Is 30169 a prime number?
True
Is 3935947 composite?
False
Is 1120993 composite?
False
Is 95042713 a prime number?
False
Is 2813143 composite?
True
Is 23597443 composite?
False
Is 1658069 prime?
False
Is 7169171 a composite number?
True
Is 53799653 composite?
False
Is 31977487 prime?
True
Is 60077 a composite number?
False
Is 2729297 a composite number?
True
Is 153624331 a composite number?
True
Is 4901737 a prime number?
False
Is 649877829 a prime number?
False
Is 71290631 prime?
False
Is 74071 composite?
False
Is 109235453 a prime number?
False
Is 13599737 a composite number?
True
Is 156899 a composite number?
False
Is 122507323 composite?
False
Is 1548113 composite?
True
Is 2231761 a composite number?
True
Is 177007 composite?
False
Is 185089 composite?
False
Is 600858317 a prime number?
True
Is 42256421 composite?
False
Is 18142963 composite?
False
Is 24888791 a composite number?
False
Is 13069513 composite?
False
Is 77830541 composite?
False
Is 88213 a prime number?
False
Is 30634699 a composite number?
True
Is 32478013 a composite number?
False
Is 13261723 a composite number?
False
Is 52262281 prime?
False
Is 18448765 a composite number?
True
Is 559586141 prime?
False
Is 1622549 a composite number?
False
Is 125597431 a composite number?
False
Is 69508687 a prime number?
True
Is 52460699 a prime number?
False
Is 8610065 a composite number?
True
Is 57729853 a prime number?
True
Is 19729189 prime?
True
Is 10606901 composite?
True
Is 4183391 a composite number?
True
Is 273103667 a composite number?
False
Is 655067 composite?
True
Is 757023 a composite number?
True
Is 172935779 a prime number?
True
Is 4890299 a composite number?
True
Is 143727317 composite?
False
Is 968143747 a composite number?
False
Is 1189907 prime?
True
Is 340872827 a prime number?
True
Is 20578009 a composite number?
False
Is 242081281 prime?
False
Is 66424607 a prime number?
False
Is 310151 a prime number?
False
Is 327134 composite?
True
Is 50507 a prime number?
False
Is 606413 a composite number?
False
Is 112463459 prime?
False
Is 5199757 composite?
False
Is 576497 a prime number?
False
Is 9809741 a prime number?
True
Is 10110013 composite?
True
Is 4419287 composite?
True
Is 2737897 a composite number?
True
Is 45983 a prime number?
False
Is 8175073 a prime number?
False
Is 31765211 a prime number?
False
Is 6053167 composite?
False
Is 8193799 composite?
True
Is 45500669 a prime number?
True
Is 69879419 a composite number?
False
Is 5179961 a prime number?
True
Is 10988903 a prime number?
True
Is 130420203 a prime number?
False
Is 350596159 prime?
True
Is 310627 a composite number?
False
Is 3352469 composite?
False
Is 2048699119 a composite number?
False
Is 10398841 a prime number?
True
Is 735574069 composite?
False
Is 435991 a prime number?
False
Is 4725193 a prime number?
False
Is 64399 prime?
True
Is 95623729 composite?
True
Is 7063847 composite?
True
Is 25969 composite?
False
Is 138504263 prime?
False
Is 567709 composite?
True
Is 23820161 prime?
False
Is 1010087 prime?
False
Is 102884861 composite?
False
Is 530135239 prime?
True
Is 6833581 composite?
True
Is 47649841 composite?
False
Is 372353 a prime number?
True
Is 60291377 a composite number?
True
Is 1504999 a prime number?
True
Is 11544283 composite?
False
Is 1017923017 a composite number?
True
Is 554969 a composite number?
False
Is 9019739 a composite number?
True
Is 47502163 a prime number?
True
Is 640110509 a composite number?
True
Is 6547 a composite number?
False
Is 379635737 composite?
True
Is 49194883 composite?
True
Is 2715409 composite?
False
Is 4403365 a composite number?
True
Is 1820837 a composite number?
False
Is 6084107 a composite number?
True
Is 13468031 a prime number?
True
Is 10701751 a composite number?
False
Is 68503609 a composite number?
False
Is 87152374 a prime number?
False
Is 5311009 a prime number?
False
Is 133160249 a prime number?
False
Is 826841 composite?
True
Is 141385339 composite?
False
Is 6939677 a prime number?
True
Is 4097327 a composite number?
True
Is 1763323 prime?
True
Is 3938939 a prime number?
True
Is 4455166 a composite number?
True
Is 21514159 a prime number?
True
Is 1094429002 prime?
False
Is 47110753 composite?
False
Is 3892547 a prime number?
False
Is 51342853 a composite number?
False
Is 46386851 prime?
False
Is 68687719 a prime number?
True
Is 14071667 prime?
True
Is 61783349 a composite number?
True
Is 121724839 composite?
False
Is 31952153 a prime number?
True
Is 630823 a composite number?
False
Is 1284377 a prime number?
False
Is 8332529 composite?
False
Is 155944333 a composite number?
False
Is 40151073 prime?
False
Is 104053877 prime?
True
Is 2606257 composite?
True
Is 2169827 a prime number?
False
Is 341783927 a prime number?
False
Is 993372087 a prime number?
False
Is 1748699 a prime number?
True
Is 238925221 composite?
False
Is 9102233 composite?
True
Is 2553971 composite?
True
Is 292478581 prime?
True
Is 9653749 prime?
False
Is 3785437 a prime number?
False
Is 193685 prime?
False
Is 152981 a prime number?
True
Is 23212909 a prime number?
False
Is 110849837 a prime number?
False
Is 329448473 a composite number?
False
Is 116719 composite?
False
Is 4762529 a prime number?
False
Is 45470863 composite?
False
Is 335602 prime?
False
Is 90517243 prime?
False
Is 287027 a composite number?
True
Is 30293819 a composite number?
False
Is 109441009 a prime number?
True
Is 277923631 prime?
False
Is 6448289 prime?
True
Is 8246383 composite?
True
Is 1455491 a prime number?
True
Is 6259949 prime?
False
Is 10978097 composite?
True
Is 537131 prime?
False
Is 8331347 a prime number?
True
Is 121954011 composite?
True
Is 19781599 a composite number?
False
Is 13352413 composite?
True
Is 15987613 prime?
False
Is 9259051 a composite number?
False
Is 79931207 prime?
True
Is 108635783 a prime number?
True
Is 1624463 a composite number?
True
Is 168238651 composite?
True
Is 19721357 composite?
True
Is 3730723871 a composite number?
True
Is 10317193 prime?
True
Is 3333593 a prime number?
True
Is 12645163 composite?
False
Is 27224957 composite?
True
Is 86992097 a prime number?
False
Is 14031053 a prime number?
False
Is 826395947 a composite number?
True
Is 3904283 a prime number?
True
Is 10629767 prime?
False
Is 81388487 prime?
True
Is 229076579 a prime number?
False
Is 7003639 composite?
False
Is 15791423 a composite number?
True
Is 430631 prime?
False
Is 71444473 prime?
False
Is 1378129 composite?
False
Is 200215781 prime?
True
Is 571853 a composite number?
False
Is 2474207 a prime number?
True
Is 132677785 a composite number?
True
Is 8545717 composite?
False
Is 20096269 prime?
True
Is 111351298 a composite number?
True
Is 1378797163 composite?
False
Is 17310331 prime?
True
Is 23478758 a prime number?
False
Is 33706619 composite?
False
Is 1951949 a composite number?
False
Is 513919 a prime number?
False
Is 299344847 prime?
False
Is 145587691 composite?
False
Is 109590805 composite?
True
Is 17062739 composite?
True
Is 1413211 prime?
True
Is 8589923 prime?
True
Is 241516907 prime?
True
Is 60830927 composite?
False
Is 1142539 composite?
False
Is 16367537 a prime number?
True
Is 64374851 a prime number?
True
Is 3711551 composite?
True
Is 708091 composite?
False
Is 291911141 a prime number?
True
Is 133288951 prime?
True
Is 2049407 a composite number?
False
Is 2131601 composite?
False
Is 92988221 a prime number?
False
Is 26817281 prime?
True
Is 46485979 prime?
True
Is 1083011 a composite number?
True
Is 29798887 a prime number?
True
Is 146417 a prime number?
True
Is 2471461 composite?
False
Is 250062481 prime?
True
Is 1245079 a composite number?
True
Is 7352803 composite?
False
Is 16647911 a prime number?
False
Is 35624674 a composite n